{"id":801,"date":"2018-08-29T21:04:31","date_gmt":"2018-08-30T00:04:31","guid":{"rendered":"https:\/\/isfd10-bue.infd.edu.ar\/sitio\/tecnicatura-en-comunicacion-social-para-el-desarrollo\/"},"modified":"2025-08-21T14:33:10","modified_gmt":"2025-08-21T17:33:10","slug":"tecnicatura-en-comunicacion-social-para-el-desarrollo","status":"publish","type":"page","link":"https:\/\/isfd10-bue.infd.edu.ar\/sitio\/tecnicatura-en-comunicacion-social-para-el-desarrollo\/","title":{"rendered":"Tecnicatura en Comunicaci\u00f3n Social para el Desarrollo"},"content":{"rendered":"<p style=\"text-align: justify;\">El\u00a0\u00a0<strong>T\u00e9cnico\u00a0 Superior\u00a0 en\u00a0 Comunicaci\u00f3n\u00a0 Social<\/strong>\u00a0 estar\u00e1\u00a0 capacitado\u00a0 para\u00a0 planificar\u00a0 y\u00a0 realizar estrategias\u00a0 de\u00a0 comunicaci\u00f3n\u00a0 en\u00a0 los\u00a0 diversos\u00a0 medios\u00a0 de\u00a0 comunicaci\u00f3n\u00a0 existentes\u00a0 y\u00a0 que ayuden\u00a0 a\u00a0 fortalecer\u00a0 el\u00a0 desarrollo,\u00a0 conocimiento,\u00a0 comprensi\u00f3n\u00a0 y\u00a0 difusi\u00f3n\u00a0 de\u00a0 informaci\u00f3n, ideas,\u00a0 actividades,\u00a0 formaci\u00f3n\u00a0 de\u00a0 redes\u00a0 sociales\u00a0 y\u00a0 valoraci\u00f3n\u00a0 de\u00a0 s\u00ed\u00a0 y\u00a0 de\u00a0 la\u00a0 comunidad, asumiendo\u00a0 una\u00a0 posici\u00f3n\u00a0 reflexiva\u00a0 sobre\u00a0 el\u00a0 lugar\u00a0 social\u00a0 que\u00a0 el\u00a0 comunicador\u00a0 y\u00a0 sus producciones ocupan.<\/p>\n<p style=\"text-align: justify;\"><strong>\u00c1reas de competencia:<\/strong><br \/>\n1.\u00a0 Dise\u00f1ar,\u00a0 gestionar\u00a0 y\u00a0 producir\u00a0 notas,\u00a0 programas\u00a0 y otros\u00a0 proyectos\u00a0 o\u00a0 estrategias\u00a0 de comunicaci\u00f3n\u00a0 aptas\u00a0 para\u00a0 los\u00a0 diferentes\u00a0 medios\u00a0 de\u00a0 comunicaci\u00f3n\u00a0 tradicionales (radios,\u00a0 diarios,\u00a0 televisi\u00f3n,\u00a0 documentales,\u00a0 eventos)\u00a0 y\u00a0 para\u00a0 los\u00a0 nuevos\u00a0 g\u00e9neros\u00a0 y tecnolog\u00edas\u00a0 de\u00a0 la\u00a0 comunicaci\u00f3n\u00a0 (Internet,\u00a0 celulares,\u00a0 pel\u00edculas\u00a0 digitales,\u00a0 etc.),\u00a0 conociendo\u00a0 y\u00a0 empleando\u00a0 cr\u00edtica\u00a0 y\u00a0 reflexivamente\u00a0 sus herramientas\u00a0 y\u00a0 lenguajes\u00a0 tecnol\u00f3gicos propios.<br \/>\n2.\u00a0 Desarrollar estrategias de recopilaci\u00f3n, difusi\u00f3n y empleo de g\u00e9neros, estructuras y estrategias narrativas period\u00edsticas y de otras formas de expresi\u00f3n (artes pl\u00e1sticas,\u00a0 m\u00fasica,\u00a0 danza,\u00a0 video,\u00a0 mitolog\u00eda,\u00a0 relatos\u00a0 folkl\u00f3ricos)\u00a0 del\u00a0 acervo\u00a0 universal\u00a0 y\/o\u00a0 local,\u00a0 contempor\u00e1neas\u00a0 y\/o\u00a0 hist\u00f3ricas,\u00a0 con\u00a0 el\u00a0 fin\u00a0 de\u00a0 ampliar\u00a0 su\u00a0 propia\u00a0 capacidad<br \/>\ncomunicativa y la de sus espectadores, oyentes y lectores.<br \/>\n3.\u00a0 Dise\u00f1ar\u00a0 y\u00a0 concretar\u00a0 estrategias\u00a0 de\u00a0 producci\u00f3n,\u00a0 obtenci\u00f3n\u00a0 de\u00a0 fondos,\u00a0 financiaci\u00f3n, organizaci\u00f3n, y gesti\u00f3n tradicionales o independientes, que les permitan concretar y difundir sus producciones no s\u00f3lo en los medios de\u00a0 comunicaci\u00f3n tradicionales sino\u00a0 tambi\u00e9n en forma independiente y en la comunidad.<br \/>\n4.\u00a0 Dise\u00f1ar y gestionar estrategias de articulaci\u00f3n con grupos, individuos o instituciones\u00a0 de la comunidad, favoreciendo la producci\u00f3n de medios y mensajes y la difusi\u00f3n y capacitaci\u00f3n\u00a0 de\u00a0 miembros\u00a0 de\u00a0\u00a0 la\u00a0 comunidad,\u00a0 para\u00a0 la\u00a0 socializaci\u00f3n\u00a0 de\u00a0 los conocimientos adquiridos y de las actividades, producciones o problem\u00e1ticas locales.<\/p>\n<p><strong>Para descargar el dise\u00f1o curricular hacer click sobre el siguiente enlace<\/strong><\/p>\n<p><a title=\"COMUNICACI\u00d3N SOCIAL\" href=\"upload\/Comunicacion_Social_para_el_Desarrollo.pdf\" target=\"_blank\" rel=\"noopener\">DESCARGAR DISE\u00d1O CURRICULAR<\/a><\/p>\n","protected":false},"excerpt":{"rendered":"<p>El\u00a0\u00a0T\u00e9cnico\u00a0 Superior\u00a0 en\u00a0 Comunicaci\u00f3n\u00a0 Social\u00a0 estar\u00e1\u00a0 capacitado\u00a0 para\u00a0 planificar\u00a0 y\u00a0 realizar estrategias\u00a0 de\u00a0 comunicaci\u00f3n\u00a0 en\u00a0 los\u00a0 diversos\u00a0 medios\u00a0 de\u00a0 comunicaci\u00f3n\u00a0 existentes\u00a0 y\u00a0 que ayuden\u00a0 a\u00a0 fortalecer\u00a0 el\u00a0 desarrollo,\u00a0 conocimiento,\u00a0 comprensi\u00f3n\u00a0 y\u00a0 difusi\u00f3n\u00a0 de\u00a0 informaci\u00f3n, ideas,\u00a0 actividades,\u00a0 formaci\u00f3n\u00a0 de\u00a0 redes\u00a0 sociales\u00a0 y\u00a0 valoraci\u00f3n\u00a0 de\u00a0 s\u00ed\u00a0 y\u00a0 de\u00a0 la\u00a0 comunidad, asumiendo\u00a0 una\u00a0 posici\u00f3n\u00a0 reflexiva\u00a0 sobre\u00a0 el\u00a0 lugar\u00a0 &#8230; <a title=\"Tecnicatura en Comunicaci\u00f3n Social para el Desarrollo\" class=\"read-more\" href=\"https:\/\/isfd10-bue.infd.edu.ar\/sitio\/tecnicatura-en-comunicacion-social-para-el-desarrollo\/\" aria-label=\"More on Tecnicatura en Comunicaci\u00f3n Social para el Desarrollo\">[+]<\/a><\/p>\n","protected":false},"author":1467,"featured_media":0,"parent":0,"menu_order":0,"comment_status":"closed","ping_status":"closed","template":"","meta":[],"acf":[],"_links":{"self":[{"href":"https:\/\/isfd10-bue.infd.edu.ar\/sitio\/wp-json\/wp\/v2\/pages\/801"}],"collection":[{"href":"https:\/\/isfd10-bue.infd.edu.ar\/sitio\/wp-json\/wp\/v2\/pages"}],"about":[{"href":"https:\/\/isfd10-bue.infd.edu.ar\/sitio\/wp-json\/wp\/v2\/types\/page"}],"author":[{"embeddable":true,"href":"https:\/\/isfd10-bue.infd.edu.ar\/sitio\/wp-json\/wp\/v2\/users\/1467"}],"replies":[{"embeddable":true,"href":"https:\/\/isfd10-bue.infd.edu.ar\/sitio\/wp-json\/wp\/v2\/comments?post=801"}],"version-history":[{"count":4,"href":"https:\/\/isfd10-bue.infd.edu.ar\/sitio\/wp-json\/wp\/v2\/pages\/801\/revisions"}],"predecessor-version":[{"id":2699,"href":"https:\/\/isfd10-bue.infd.edu.ar\/sitio\/wp-json\/wp\/v2\/pages\/801\/revisions\/2699"}],"wp:attachment":[{"href":"https:\/\/isfd10-bue.infd.edu.ar\/sitio\/wp-json\/wp\/v2\/media?parent=801"}],"curies":[{"name":"wp","href":"https:\/\/api.w.org\/{rel}","templated":true}]}}