{"id":799,"date":"2018-08-29T21:04:30","date_gmt":"2018-08-30T00:04:30","guid":{"rendered":"https:\/\/isfd10-bue.infd.edu.ar\/sitio\/psicodagogia\/"},"modified":"2025-08-21T14:34:15","modified_gmt":"2025-08-21T17:34:15","slug":"psicodagogia","status":"publish","type":"page","link":"https:\/\/isfd10-bue.infd.edu.ar\/sitio\/psicodagogia\/","title":{"rendered":"Psicopedagog\u00eda"},"content":{"rendered":"<p style=\"text-align: justify;\">El\/la psicopedagogo\/a asesora sobre la caracterizaci\u00f3n del proceso de aprendizaje, teniendo en cuenta los factores que posibilitan u obstaculizan el mismo fin de realizar aportes originales en diferentes situaciones educativas, en base a una concepci\u00f3n integradora y din\u00e1mica del sujeto en situaci\u00f3n de aprendizaje.<\/p>\n<p style=\"text-align: justify;\">Indaga las modalidades y estrategias de aprendizaje a fin de efectuar acciones de prevenci\u00f3n, revalorizando las significaciones positivas del aprender e instrumentando recursos tendientes a la modificaci\u00f3n de situaciones inadecuadas.<\/p>\n<p style=\"text-align: justify;\">Realiza Diagn\u00f3stico Psicopedag\u00f3gico e implementa, sobre la base del mismo, estrategias espec\u00edficas de tratamiento, orientaci\u00f3n y derivaci\u00f3n destinados a promover procesos arm\u00f3nicos de aprendizaje en el marco institucional.<\/p>\n<p style=\"text-align: justify;\">Realiza procesos de orientaci\u00f3n vocacional ocupacional en las modalidades individual y grupal en el marco institucional.<\/p>\n<p style=\"text-align: justify;\">Participa en equipos interdisciplinarios responsables de la elaboraci\u00f3n, direcci\u00f3n, ejecuci\u00f3n y evaluaci\u00f3n de proyectos en las \u00e1reas de educaci\u00f3n y salud mental.<\/p>\n<p style=\"text-align: justify;\"><span style=\"text-decoration: underline;\">Perfil del\/la egresado\/a<\/span><\/p>\n<p style=\"text-align: justify;\">Esta carrera est\u00e1 orientada a la formaci\u00f3n de profesionales psicopedagogos que desarrollen competencias para:<\/p>\n<ul>\n<li>\n<div style=\"text-align: justify;\">Asesorar con respecto a la caracterizaci\u00f3n del proceso de aprendizaje, su perturbaci\u00f3n y\/o anomal\u00eda.<\/div>\n<\/li>\n<li>\n<div style=\"text-align: justify;\">Favorecer las condiciones \u00f3ptimas de aprendizaje en el ser humano, a lo largo de3 todas sus etapas evolutivas, en forma individual y grupal en el \u00e1mbito de la educaci\u00f3n y de la salud mental.<\/div>\n<\/li>\n<li style=\"text-align: justify;\">Realizar acciones que posibiliten la detecci\u00f3n temprana de las perturbaciones en el proceso de aprendizaje.<\/li>\n<li style=\"text-align: justify;\">Explorar las caracter\u00edsticas neuropsicoevolutivas del sujeto en situaci\u00f3n de aprendizaje.<\/li>\n<li style=\"text-align: justify;\">Orientar respecto a las adecuaciones metodol\u00f3gicas acordes con las caracter\u00edsticas biopsicosocioculturales de individuos y grupos.<\/li>\n<li style=\"text-align: justify;\">Realizar procesos de orientaci\u00f3n educacional, vocacional-ocupacional en las modalidades individual y grupal.<\/li>\n<li style=\"text-align: justify;\">Realizar diagn\u00f3sticos de los aspectos comprometidos en el proceso de aprendizaje para efectuar pron\u00f3sticos de evoluci\u00f3n.<\/li>\n<li style=\"text-align: justify;\">Implementar sobre la base del diagn\u00f3stico estrategias espec\u00edficas (tratamiento, orientaci\u00f3n, derivaci\u00f3n) destinadas a promover procesos arm\u00f3nicos de aprendizaje.<\/li>\n<li>Participar en equipos interdisciplinarios responsables de la elaboraci\u00f3n, direcci\u00f3n, ejecuci\u00f3n y evaluaci\u00f3n de planes, programas y proyectos.<\/li>\n<\/ul>\n<h6>Para descargar el dise\u00f1o curricular hacer click sobre el siguiente enlace<\/h6>\n<p><a title=\"Psicopedagog\u00eda\" href=\"upload\/psicopedagogia.pdf\" target=\"_blank\" rel=\"noopener\">DISE\u00d1O CURRICULAR\u00a0<\/a><\/p>\n<p><a href=\"https:\/\/es.padlet.com\/pamelamartin1\/psicopedagogia-tvv4flkninxhck6q\" target=\"_blank\" rel=\"noopener\">Informaci\u00f3n, eventos y fotos <\/a><\/p>\n","protected":false},"excerpt":{"rendered":"<p>El\/la psicopedagogo\/a asesora sobre la caracterizaci\u00f3n del proceso de aprendizaje, teniendo en cuenta los factores que posibilitan u obstaculizan el mismo fin de realizar aportes originales en diferentes situaciones educativas, en base a una concepci\u00f3n integradora y din\u00e1mica del sujeto en situaci\u00f3n de aprendizaje. Indaga las modalidades y estrategias de aprendizaje a fin de efectuar &#8230; <a title=\"Psicopedagog\u00eda\" class=\"read-more\" href=\"https:\/\/isfd10-bue.infd.edu.ar\/sitio\/psicodagogia\/\" aria-label=\"More on Psicopedagog\u00eda\">[+]<\/a><\/p>\n","protected":false},"author":1467,"featured_media":0,"parent":0,"menu_order":0,"comment_status":"closed","ping_status":"closed","template":"","meta":[],"acf":[],"_links":{"self":[{"href":"https:\/\/isfd10-bue.infd.edu.ar\/sitio\/wp-json\/wp\/v2\/pages\/799"}],"collection":[{"href":"https:\/\/isfd10-bue.infd.edu.ar\/sitio\/wp-json\/wp\/v2\/pages"}],"about":[{"href":"https:\/\/isfd10-bue.infd.edu.ar\/sitio\/wp-json\/wp\/v2\/types\/page"}],"author":[{"embeddable":true,"href":"https:\/\/isfd10-bue.infd.edu.ar\/sitio\/wp-json\/wp\/v2\/users\/1467"}],"replies":[{"embeddable":true,"href":"https:\/\/isfd10-bue.infd.edu.ar\/sitio\/wp-json\/wp\/v2\/comments?post=799"}],"version-history":[{"count":5,"href":"https:\/\/isfd10-bue.infd.edu.ar\/sitio\/wp-json\/wp\/v2\/pages\/799\/revisions"}],"predecessor-version":[{"id":2701,"href":"https:\/\/isfd10-bue.infd.edu.ar\/sitio\/wp-json\/wp\/v2\/pages\/799\/revisions\/2701"}],"wp:attachment":[{"href":"https:\/\/isfd10-bue.infd.edu.ar\/sitio\/wp-json\/wp\/v2\/media?parent=799"}],"curies":[{"name":"wp","href":"https:\/\/api.w.org\/{rel}","templated":true}]}}