{"id":793,"date":"2018-08-29T21:04:28","date_gmt":"2018-08-30T00:04:28","guid":{"rendered":"https:\/\/isfd10-bue.infd.edu.ar\/sitio\/historia\/"},"modified":"2021-11-02T15:03:19","modified_gmt":"2021-11-02T18:03:19","slug":"historia","status":"publish","type":"page","link":"https:\/\/isfd10-bue.infd.edu.ar\/sitio\/historia\/","title":{"rendered":"Historia"},"content":{"rendered":"<p style=\"text-align: justify;\"><strong><span style=\"font-family: tahoma,arial,helvetica,sans-serif; font-size: 12pt;\">Una breve presentaci\u00f3n&#8230;<\/span><\/strong><\/p>\n<p style=\"text-align: justify;\"><span style=\"font-family: tahoma,arial,helvetica,sans-serif; color: #0000ff; font-size: 12pt;\"><span style=\"color: #000000; font-size: 10pt;\">En mayo de 1960 la comunidad de Tandil asiste al nacimiento del Instituto Superior de Educaci\u00f3n Rural (ISER), sin comprender quiz\u00e1s la magnitud de la repercusi\u00f3n que esta creaci\u00f3n tendr\u00eda en la Formaci\u00f3n Docente. Los avatares pol\u00edticos producen su cierre y reapertura posterior en 1976\/77.\u00a0 Se inicia luego otra etapa \u2013ya con el nombre de Instituto Superior de Formaci\u00f3n Docente N\u00b0 10- que abrir\u00e1 caminos de excelencia acad\u00e9mica en el terreno de los Profesorados de Educaci\u00f3n Inicial, Educaci\u00f3n Primaria, Estimulaci\u00f3n Temprana, Asistente Escolar Rural, Educaci\u00f3n Especial, Educaci\u00f3n de Adultos, Capacitaciones para \u00a0profesionales, t\u00e9cnicos, directores y supervisores, hasta llegar a la actualidad con todos los Profesorados para Escuela Secundaria en sus diversas disciplinas, Psicopedagog\u00eda y las Tecnicaturas Superiores en Acompa\u00f1amiento Terap\u00e9utico, Comunicaci\u00f3n Social para el Desarrollo y en Administraci\u00f3n P\u00fablica\u00a0<\/span><\/span><\/p>\n<p><a href=\"https:\/\/isfd10-bue.infd.edu.ar\/sitio\/wp-content\/uploads\/2021\/05\/LA-HISTORIA-DEL-INSTITUTO.pdf\">LA HISTORIA DEL INSTITUTO<\/a><\/p>\n<p style=\"text-align: center;\"><span style=\"font-family: tahoma,arial,helvetica,sans-serif; color: #0000ff; font-size: 12pt;\"><span style=\"color: #000000; font-size: 10pt;\">\u00a0<\/span><\/span><\/p>\n<div>\n<p><object style=\"width: 400px; height: 320px; display: block; margin-left: auto; margin-right: auto;\" data=\"http:\/\/widget-c0.slide.com\/widgets\/slideticker.swf\" type=\"application\/x-shockwave-flash\" width=\"100\" height=\"100\"><param name=\"data\" value=\"http:\/\/widget-c0.slide.com\/widgets\/slideticker.swf\" \/><param name=\"name\" value=\"flashticker\" \/><param name=\"align\" value=\"middle\" \/><param name=\"flashvars\" value=\"cy=bb&amp;il=1&amp;channel=1873497445013947072&amp;site=widget-c0.slide.com\" \/><param name=\"src\" value=\"http:\/\/widget-c0.slide.com\/widgets\/slideticker.swf\" \/><param name=\"wmode\" value=\"transparent\" \/><param name=\"quality\" value=\"high\" \/><\/object><\/p>\n<h4><\/h4>\n<\/div>\n","protected":false},"excerpt":{"rendered":"<p>Una breve presentaci\u00f3n&#8230; En mayo de 1960 la comunidad de Tandil asiste al nacimiento del Instituto Superior de Educaci\u00f3n Rural (ISER), sin comprender quiz\u00e1s la magnitud de la repercusi\u00f3n que esta creaci\u00f3n tendr\u00eda en la Formaci\u00f3n Docente. Los avatares pol\u00edticos producen su cierre y reapertura posterior en 1976\/77.\u00a0 Se inicia luego otra etapa \u2013ya con &#8230; <a title=\"Historia\" class=\"read-more\" href=\"https:\/\/isfd10-bue.infd.edu.ar\/sitio\/historia\/\" aria-label=\"More on Historia\">[+]<\/a><\/p>\n","protected":false},"author":1467,"featured_media":0,"parent":0,"menu_order":0,"comment_status":"closed","ping_status":"closed","template":"","meta":[],"acf":[],"_links":{"self":[{"href":"https:\/\/isfd10-bue.infd.edu.ar\/sitio\/wp-json\/wp\/v2\/pages\/793"}],"collection":[{"href":"https:\/\/isfd10-bue.infd.edu.ar\/sitio\/wp-json\/wp\/v2\/pages"}],"about":[{"href":"https:\/\/isfd10-bue.infd.edu.ar\/sitio\/wp-json\/wp\/v2\/types\/page"}],"author":[{"embeddable":true,"href":"https:\/\/isfd10-bue.infd.edu.ar\/sitio\/wp-json\/wp\/v2\/users\/1467"}],"replies":[{"embeddable":true,"href":"https:\/\/isfd10-bue.infd.edu.ar\/sitio\/wp-json\/wp\/v2\/comments?post=793"}],"version-history":[{"count":5,"href":"https:\/\/isfd10-bue.infd.edu.ar\/sitio\/wp-json\/wp\/v2\/pages\/793\/revisions"}],"predecessor-version":[{"id":1408,"href":"https:\/\/isfd10-bue.infd.edu.ar\/sitio\/wp-json\/wp\/v2\/pages\/793\/revisions\/1408"}],"wp:attachment":[{"href":"https:\/\/isfd10-bue.infd.edu.ar\/sitio\/wp-json\/wp\/v2\/media?parent=793"}],"curies":[{"name":"wp","href":"https:\/\/api.w.org\/{rel}","templated":true}]}}